 w and a.
7
Suppose -3*s = -7*s + 176. Let z(u) = 11*u**2 + u - 1. Let y be z(1). Calculate the highest common divisor of y and s.
11
Let s(h) be the third derivative of h**4/12 - 5*h**3/6 + 3*h**2. Let d be s(5). What is the highest common divisor of d and 10?
5
Let k = -6 - -36. What is the highest common divisor of k and 12?
6
Let l = 1 + 2. Suppose v = -l*v + 48. Suppose 0 = 2*q - 3*q + v. Calculate the greatest common factor of 24 and q.
12
Suppose 0 = -10*h + 6*h + 2*r + 50, 0 = -3*h - 2*r + 20. Calculate the highest common divisor of h and 80.
10
Let v(d) = d**3 + 9*d**2 - 11*d + 2. Let c be v(-10). Calculate the greatest common divisor of 8 and c.
4
Let u be (-5)/(-75)*-3*-5. Let o be -1 + 0 + (2 - -7). What is the greatest common divisor of o and u?
1
Suppose 4*t - 5*t + 19 = 0. Calculate the highest common divisor of 57 and t.
19
Suppose -4*w = w + 15, 27 = 2*t + 3*w. What is the greatest common divisor of t and 162?
18
Let f be 2/(1/(3/(-3))). Let q = 2 - f. What is the greatest common factor of q and 6?
2
Suppose -p = -5*p + 12. Let j be (-6)/1*p/(-9). Suppose y + j*n = 5*y - 156, -156 = -4*y + n. Calculate the highest common divisor of y and 13.
13
Let y be (0 - -5) + (165 - -10). Calculate the greatest common divisor of 72 and y.
36
Suppose -5*n + 24 = -26. Calculate the greatest common factor of n and 45.
5
Suppose -1 = -2*o + 5*a, 3*o + a - 3*a = 18. Calculate the greatest common factor of o and 10.
2
Let a(f) = -3*f - 2. Let n(h) = 2*h + 1. Let z(i) = -3*a(i) - 5*n(i). Let s be z(-9). Calculate the highest common divisor of 50 and s.
10
Let c be (0 - -3) + (-2)/2. Suppose d = i + c, i - d + 2 = -i. Suppose -g - 2*a + a = -38, i = 3*g - 3*a - 120. What is the highest common factor of g and 13?
13
Suppose 0 = -5*j + 4*q + 1166 - 459, -439 = -3*j - 5*q. Calculate the highest common factor of j and 13.
13
Let u = 10 - 3. What is the greatest common factor of 28 and u?
7
Let q = 101 - 26. Calculate the highest common factor of 15 and q.
15
Let d be 74/6 + (-18)/(-27). What is the highest common divisor of d and 52?
13
Let d = 2 - -1. Suppose -13 = 3*j + 5*g, 0 = j - 2*g + d*g + 1. Suppose -2*p - 4*k + j = -p, 135 = 5*p - 3*k. Calculate the greatest common divisor of p and 6.
6
Let p = 0 - 0. Suppose 2*o - 14 = 2*c, -2*c + 3*c - 5*o + 27 = p. Let x be c/(-1)*10/4. Calculate the greatest common divisor of x and 55.
5
Let j = -17 + 19. What is the greatest common factor of 5 and j?
1
Let k be (-1344)/(-45) + (-2)/(-15). Let i = 46 - k. Calculate the greatest common factor of i and 48.
16
Let y(s) = -s**3 - 5*s**2 - 4*s + 3. Let r be y(-4). Let p(c) = -c**3 - 13*c**2 - 14*c + 9. Let g be p(-12). What is the greatest common factor of g and r?
3
Let i(c) = -4*c**3 + c**2. Let z be i(-1). Suppose -z*h - 1 = -66. Let k = 45 - h. What is the highest common factor of k and 80?
16
Let i(h) = 25*h**3 + h**2 - 2*h. Let q be i(2). What is the highest common factor of q and 80?
40
Suppose -2*d + 1 = 21. Let v(i) = -i**2 + i + 15. Let r be v(0). Let t = d + r. Calculate the greatest common factor of t and 15.
5
Suppose 3*y - y + 2*n = 8, 5*n - 14 = -3*y. Let s(k) = k**2 + k - 2. Let a be s(-3). Suppose y*h - a = 2. What is the greatest common divisor of h and 2?
2
Let g = 51 - 37. What is the highest common factor of 70 and g?
14
Let r be 4/10 - 96/(-10). Calculate the highest common divisor of r and 110.
10
Let z be (-18)/(-8) + (-4)/16. Let s be 2/(-3 + z) + 16. What is the greatest common factor of s and 84?
14
Suppose -5*z = -3*f - 47, -44 = -4*z - 0*f + 4*f. Let o = -39 + 74. What is the greatest common factor of o and z?
7
Let p(k) = -k**3 + 17*k**2 - 15*k - 1. Let m be p(16). Calculate the greatest common divisor of 165 and m.
15
Suppose -5*b = u - 3, 0*u - 18 = 2*u - 2*b. Let t = 9 + u. Suppose 0 = -4*x - 0*a - t*a + 62, 4*a - 73 = -5*x. What is the greatest common divisor of 68 and x?
17
Let l(r) be the second derivative of r**5/20 - r**4/12 + r**3/3 - r**2/2 - r. Let k be l(1). What is the greatest common factor of 4 and k?
1
Let z = 255 + -111. Let f(s) = -5*s - 4. Let k be f(-4). What is the highest common divisor of z and k?
16
Let m be (-4)/(-14) + (-864)/(-63). Suppose -u - 2*q = 4*u + 70, -25 = 5*q. Let r = u + 19. What is the highest common factor of m and r?
7
Let o(f) = -f**2 - 5*f - 2. Let t be o(-2). What is the greatest common divisor of 4 and t?
4
Let s(n) = -10*n - 13. Let i be s(-4). Calculate the greatest common factor of 3 and i.
3
Suppose -2*b = -b - 5. Let k = 7 - b. What is the highest common divisor of 16 and k?
2
Suppose -5*s + i + 41 = -129, -s + 53 = -4*i. Let y = -19 + s. Calculate the greatest common divisor of 56 and y.
14
Suppose 5*q + u = 2*u + 113, 4*q - u - 91 = 0. Let o = q - 5. Let w = o + -1. What is the highest common factor of w and 4?
4
Let q(r) = 2*r + 4. Let w be q(3). Let u = w - 8. What is the greatest common divisor of 16 and u?
2
Let x(l) = -l**2 - 8*l + 4. Let k be x(-7). Let t = 17 - k. What is the highest common factor of 48 and t?
6
Suppose 3*h + 0*h - 240 = -2*l, -4*l = 3*h - 492. What is the highest common factor of 14 and l?
14
Let f be (-3)/1 + -1 + 2. Let x be (-4)/(f/4 + 0). What is the greatest common divisor of 2 and x?
2
Suppose 0*l - 3*l + 21 = 0. What is the greatest common factor of 35 and l?
7
Let m be 106 - (-8)/(-20)*5. Calculate the highest common factor of 13 and m.
13
Let n = -39 + 72. Let q be 4/(-14) + 8/28. Suppose q = -t - t + 44. Calculate the highest common factor of t and n.
11
Let a(c) = c + 12. Let q be a(-6). What is the greatest common factor of 6 and q?
6
Let i(a) = a**3 + 3*a**2 + 1. Let v be i(-3). Calculate the greatest common factor of 5 and v.
1
Suppose -11 + 3 = -4*s. Let k = 2 - -1. Suppose 4*v - 36 = -5*l, -k*l - 4 + 36 = 5*v. Calculate the greatest common factor of v and s.
2
Suppose -36 = -4*z + 56. Let k = -14 + z. What is the greatest common divisor of k and 9?
9
Let c = 1 - 0. Suppose -12 = -5*b + 8. Let g be ((-14)/b)/(c/(-2)). Calculate the greatest common divisor of 77 and g.
7
Suppose 0*p - p + 2 = 0. Suppose j = p*q - 46, 124 = 5*q + j + j. Let i be 3/15 - (-59)/5. Calculate the highest common factor of i and q.
12
Let n = -107 - -139. What is the greatest common divisor of n and 4?
4
Let z be (316/(-6))/(2/(-3)). Suppose 2*m = m + 5*b + z, -4*b + 313 = 3*m. What is the greatest common divisor of 11 and m?
11
Let p(w) = -3*w. Suppose 0 = 2*k + 2*k + 4. Let r be p(k). Calculate the highest common divisor of 24 and r.
3
Let x(u) = -u - 8. Let q be x(-12). Suppose 0*r = -q*r - 2*o + 48, r - 6 = -2*o. Calculate the highest common divisor of 126 and r.
14
Suppose 7*m - 251 - 204 = 0. What is the highest common factor of m and 26?
13
Let x = 5 - -7. Calculate the highest common factor of 132 and x.
12
Let n be (-8)/(-28) - 79/7. Let g = -59 - -83. Let z = n + g. Calculate the highest common factor of z and 117.
13
Let f(u) = 3*u**2 - u + u**2 + 0*u - 1. Let k be f(-3). Suppose 19*c - 67 - 294 = 0. Calculate the highest common divisor of c and k.
19
Let h = -40 - -190. Suppose v + 4*v = h. Calculate the greatest common factor of 12 and v.
6
Let p(g) be the third derivative of -g**5/60 - 17*g**4/24 - 5*g**3/3 - g**2. Let r be p(-12). Calculate the greatest common divisor of r and 125.
25
Let a = -62 + 104. Suppose -3*u - a = -3*w, 2*w - w = 5*u + 30. Let t = -86 + 126. What is the greatest common factor of t and w?
10
Let s(b) = 0*b + 4*b**2 - 3 - b + b - b - b**3. Let j be s(3). Calculate the greatest common divisor of 1 and j.
1
Let l = -7 - -10. Suppose l*b - 259 = 239. Suppose 5*n + g = -0*n + 379, 4*g - b = -2*n. Calculate the greatest common factor of 30 and n.
15
Let p = 31 - 25. Calculate the highest common factor of p and 15.
3
Suppose -j = 2*j - 9. Suppose g = -j*b + 34, 3*b - 7 = -2*g + 31. Calculate the highest common divisor of b and 15.
5
Let a be (-15 + 43)/(1/4). Calculate the greatest common factor of 7 and a.
7
Let p(z) = z**2 + 3*z - 6. Let o be p(-5). What is the highest common divisor of 28 and o?
4
Let n be 1 + 19 + (-4 - -8). What is the highest common divisor of 36 and n?
12
Let f be 79*(-2 - (-3)/1). Let t = f + 2. Let w = t - 41. Calculate the greatest common divisor of 10 and w.
10
Let a = -4 + 11. Suppose -5*x - a = d, 